eatest common divisor of n and 180.
45
Suppose 3*o - 2*t - 498 = -436, 0 = -4*o + 4*t + 92. Calculate the greatest common divisor of 49 and o.
1
Let q be 229/3 - (-6)/9. Let y = -6653 - -6664. What is the greatest common factor of q and y?
11
Suppose -5*t - 14 = -24. Let c be (12/(-30))/(6/(-15)). Suppose 0 = -3*r - c + 7. Calculate the highest common divisor of r and t.
2
Let n(j) = -90*j - 1604. Let c be n(-20). Let x be 30 - 3*2/3. What is the highest common factor of x and c?
28
Suppose -99*k + 133 = -461. Suppose 0 = -n + 5 + 3. Let y = n - 4. What is the highest common factor of y and k?
2
Suppose 13 = 3*n + 7. Suppose -n*h - 3*s + 7*s + 12 = 0, 3*h + 5*s = 62. What is the greatest common divisor of 112 and h?
14
Let y(z) = -12*z**2 - 452*z - 2. Let d be y(-31). Calculate the highest common divisor of d and 59.
59
Suppose -7 + 312 = 5*x - 5*c, 4*c = 2*x - 124. Let b(f) = -256*f - 4. Let o be b(-2). Suppose 4*t = -148 + o. What is the highest common divisor of t and x?
30
Suppose -3*a + 15 = -3. Let d = -85 - -158. Suppose -d*q + 74*q - a = 0. Calculate the highest common divisor of q and 54.
6
Let h(k) = -2*k**2 - 2*k + 1. Let n(q) = -88*q**2 - 6*q - 7. Let m(f) = 3*h(f) - n(f). Let o be m(-3). Calculate the highest common divisor of 68 and o.
68
Suppose 0 = 7*o - 12538 - 192961. Calculate the greatest common divisor of o and 62.
31
Let f be 18/12 + 1/2. Suppose 2*l - 105 = -c, 6*c - 10*c = -f*l + 80. What is the highest common divisor of 175 and l?
25
Let l = 19966 - 19850. Let n = 211 + -124. Calculate the greatest common factor of n and l.
29
Suppose -83*j = -40*j - 6*j - 54649. What is the greatest common factor of 7 and j?
7
Suppose 3*y - 2*p = -p + 69, 5*p = 3*y - 81. Let a = y + -16. Suppose 0 = -4*k + 6 + a. What is the greatest common divisor of k and 3?
3
Let t(q) be the first derivative of -5*q**2 + 34*q + 62. Let l be t(3). Calculate the greatest common factor of l and 12.
4
Suppose 414 = 8*o + 14. Let y = o + -47. Suppose 0 = -4*v + 12, 0 = -y*z + v + 140 + 85. What is the highest common factor of 57 and z?
19
Suppose s = -5*h + 30, -s = s + 4*h - 30. Suppose -u + 60 = 3*c - 123, 45 = c - s*u. Calculate the highest common divisor of 48 and c.
12
Let t = 40969 - 40919. Suppose 8 = -2*m + 4*q, 0*q - 3*q = -3*m - 3. Calculate the greatest common divisor of m and t.
2
Suppose -2*z = -4*y + 506, 0 = -5*y + 41*z - 43*z + 628. Calculate the greatest common factor of 18 and y.
18
Let i = -6745 + 6757. Let j(u) = -25*u - 4. Let w be j(-4). What is the greatest common divisor of w and i?
12
Suppose -4*d + 2*a + 33286 = 0, 8831 = 4*d - a - 24460. Suppose -8*l + d - 1796 = 0. Calculate the greatest common factor of l and 51.
51
Let o = 57 + -39. Let v be -5 + (-2 + 7 - -1584). Suppose 9*l - v = l. Calculate the greatest common divisor of o and l.
18
Let l be (-7)/(-1) - (615615/(-1650) + (-2)/(-20)). What is the highest common factor of l and 1060?
20
Suppose -8*w - 8384 + 8656 = 0. What is the greatest common divisor of w and 10489?
17
Let k = -282 - -233. Let b(p) = p**3 + 50*p**2 + 44*p - 55. Let z be b(k). What is the greatest common factor of 114 and z?
38
Let g be (-6 + (-26)/(-5))/(2/105). Let y = g - -48. Suppose 0 = 4*h - y*h + 80. Calculate the greatest common divisor of 5 and h.
5
Let o(n) be the second derivative of -n**5/20 + 4*n**4/3 - n**3/6 + 25*n**2/2 - 162*n + 1. Let c be o(16). What is the highest common divisor of 144 and c?
9
Suppose 2*g + 2*l - 11898 = 0, -5*g + 5*l = 9712 - 39457. Calculate the highest common divisor of g and 9.
9
Let y(m) = -21*m**3 - m**2 + 2*m + 3. Let i be y(-1). Suppose i*c - 840 = 16*c. Calculate the highest common divisor of 14 and c.
14
Let r = -63 + 63. Let d be 2/(1 + r - 27/33). Suppose -d*p = -10*p - 253. Calculate the greatest common divisor of p and 23.
23
Let t = -25020 - -25330. Calculate the highest common factor of 39370 and t.
310
Let n be (((-121)/22)/1*-2)/((-2)/(-1634)). What is the highest common factor of 57 and n?
19
Let f(k) = k**3 - 44*k + 3. Suppose 4 = -2*x, 2*x + 25 + 7 = 4*j. Let t be f(j). Calculate the highest common factor of 38 and t.
38
Suppose -3*k = -6*d + 7*d - 148, 5*k - d = 260. Suppose 4*t = -t + 425. Calculate the highest common factor of t and k.
17
Let j = 42 + -141. Let c = 91 + j. Let o be c/((-340)/(-115) - 3). Calculate the highest common divisor of 23 and o.
23
Suppose 774 + 3906 = 6*q. Suppose 138*g = 118*g + q. What is the greatest common factor of 18 and g?
3
Suppose -5*d + d = 2*j - 66, -2*d = 8. Suppose -1428 = -59*x + 991. What is the greatest common factor of j and x?
41
Let b(l) = 70*l - 2. Let o be b(3). Suppose 4*i - 1 - 11 = 0. Suppose 0 = -3*u - i*a - 19 + 58, 0 = 5*a. Calculate the highest common factor of u and o.
13
Suppose -40914 - 82926 = -40*s. Calculate the highest common factor of s and 72.
72
Suppose -180 = -u - 4*u. Let j = 20490 - 20481. What is the highest common factor of j and u?
9
Suppose 0 = -5*a + 9741 - 7276. What is the highest common factor of a and 204?
17
Let i(y) = 2*y**2 + 9*y - 6. Let f be i(7). Let b be 222 + -2 + ((-2)/6 - (-128)/(-48)). What is the highest common factor of b and f?
31
Suppose -40*n - 5*n + 1838 = 623. Let z(c) = 4*c**2 - 3*c - 1. Let y be z(-7). Calculate the greatest common factor of n and y.
27
Suppose -2*g = 3*g - 155. Let x = 1495 + -1371. Calculate the highest common divisor of g and x.
31
Let q = 26976 - 26183. Calculate the greatest common factor of 234 and q.
13
Suppose -2*w + w = -55. Let k = w + 0. Suppose -12*n = -n - k. Calculate the greatest common divisor of 5 and n.
5
Let t = 26445 + -25051. Let d be (-1)/(-2)*(70 + -2). Calculate the highest common factor of d and t.
34
Suppose c = -2*x + 11, 0 = -3*c - c - x + 23. Suppose 0 = 5*y - 5*q - 80, 2*y - c*y - 3*q = -54. Calculate the greatest common divisor of y and 153.
17
Let b(v) = -30*v + 2. Let q be b(-1). Let o(d) = -25*d + 179. Let t be o(7). What is the highest common divisor of q and t?
4
Suppose -44 = 3*c + 16. Let u = -19 - c. Suppose 4*x - u = 19. Calculate the greatest common factor of x and 15.
5
Let j be ((-166)/(-6) + (-5)/(-15))/(-1). Let u be 60/35 - 8/j. Suppose 4*c - k = 104, k - 4*k - 62 = -u*c. Calculate the greatest common factor of 225 and c.
25
Let o(b) = -1145*b - 7610. Let p be o(-12). Calculate the highest common divisor of p and 10.
10
Suppose 0 = -5*q + 180 + 45. What is the greatest common factor of 210 and q?
15
Let u(a) = a. Let g be u(1). Suppose -52 = -3*o + 23. Let r = o - g. Calculate the highest common divisor of r and 6.
6
Let k(r) = -3*r**2 - 53*r - 3. Let i be k(-18). Let o = 55 - i. Calculate the greatest common factor of o and 24.
4
Suppose -2*l + 5*c = -364 + 336, l - 3*c - 12 = 0. What is the highest common divisor of l and 3372?
12
Suppose 0 = 143*v - 496*v + 47683 + 5620. What is the highest common divisor of 30653 and v?
151
Let y(l) = 52*l**3 - 9*l**2 - 20*l - 5. Let p be y(-2). Let t = 437 + p. Calculate the greatest common divisor of t and 60.
20
Let g(c) be the first derivative of c**4/4 + 4*c**3 - c**2 + 11*c - 8. Let j be g(-12). Let b = 430 + -325. Calculate the greatest common divisor of j and b.
35
Suppose 81*y - 22*y - 1024 = 27*y. Calculate the highest common divisor of y and 4512.
32
Suppose 5*w + 0*w = -80. Let x(h) = h**2 + 15*h - 48. Let b be x(w). Let s be ((-3)/(-6) + 1)*b/(-3). Calculate the greatest common divisor of 40 and s.
8
Let o(a) be the third derivative of a**5/15 - a**4/12 - 23*a**3/6 + 17*a**2. Let f be o(-7). Let l = 343 - f. Calculate the highest common factor of 39 and l.
39
Let f be (-21)/(-3)*(-21)/(-49) - 155. Let i be 2/(-6) - 1508/(-6). Let y = i + f. Calculate the highest common factor of 33 and y.
33
Let g be (248 - -8)*1*2. What is the greatest common factor of g and 1?
1
Let j = -166 + 169. Suppose 4*t - 1833 = j*i, 0*i = -3*t + i + 1381. What is the highest common factor of 42 and t?
42
Suppose -a = 9*a - 10. Let l be (-355)/(-10) - a/2. Suppose 9 = d - l. Calculate the highest common divisor of d and 4.
4
Let b = 19192 + -19128. What is the highest common divisor of b and 9888?
32
Let f(n) = -68*n**3 - n**2 - n + 2. Let m be f(1). Let x = -44 - m. Let a be ((-6)/4)/((-18)/3168). Calculate the highest common divisor of a and x.
24
Let y =